 9545705 a multiple of 13?
True
Is 1002 a factor of 3183500?
False
Is 21 a factor of 910351338?
False
Is 1743820 a multiple of 6?
False
Is 1594 a factor of 11792087?
False
Is 125965570 a multiple of 5?
True
Is 48 a factor of 2842551120?
True
Is 63720419 a multiple of 41?
False
Does 35 divide 225912540?
True
Is 21644295 a multiple of 381?
False
Is 553273208 a multiple of 2?
True
Does 7728 divide 1053766643?
False
Does 43 divide 2700864473?
False
Does 5724 divide 789516378?
False
Is 11 a factor of 3084383368?
True
Does 1575 divide 548237025?
True
Is 21 a factor of 171856398?
True
Does 139 divide 21726549?
False
Is 6541238 a multiple of 73?
True
Is 5061960 a multiple of 172?
True
Does 34 divide 254336885?
False
Does 10 divide 248285210?
True
Is 149048955 a multiple of 11649?
True
Is 609068902 a multiple of 26?
True
Is 17 a factor of 1810517136?
True
Is 275801708 a multiple of 2483?
True
Is 258 a factor of 36002103?
False
Is 4108093 a multiple of 2?
False
Is 5478 a factor of 2005911805?
False
Is 42341944 a multiple of 1427?
True
Is 13591802 a multiple of 142?
False
Is 186 a factor of 405581407?
False
Does 20 divide 1086490557?
False
Does 702 divide 1917864?
True
Is 3751422075 a multiple of 15?
True
Is 47632025 a multiple of 2?
False
Is 32 a factor of 52846656?
True
Does 5061 divide 105096726?
True
Does 948 divide 20676085?
False
Is 264186376 a multiple of 106?
False
Is 553966980 a multiple of 5?
True
Is 3187393396 a multiple of 422?
False
Does 58 divide 19405002?
True
Is 1882 a factor of 406956152?
True
Is 1258 a factor of 65194592?
True
Does 7 divide 3138345?
True
Is 34 a factor of 55128042?
True
Does 240 divide 31185041?
False
Is 12008767 a multiple of 821?
True
Is 14396348 a multiple of 268?
False
Does 6146 divide 65465679?
False
Is 24 a factor of 825343030?
False
Is 32202851 a multiple of 2498?
False
Is 2421 a factor of 317196999?
True
Is 105657177 a multiple of 7?
False
Is 39 a factor of 1090055794?
False
Does 1828 divide 677455941?
False
Is 312 a factor of 21678072?
True
Is 1296928458 a multiple of 18?
True
Is 139 a factor of 73377544?
True
Is 135 a factor of 439364790?
True
Is 1674 a factor of 19001574?
True
Does 22 divide 38032728?
False
Does 42 divide 51349494?
True
Is 72918228 a multiple of 6?
True
Is 246849790 a multiple of 10?
True
Is 1999509 a multiple of 11?
False
Is 118 a factor of 7432938?
True
Is 271132625 a multiple of 25?
True
Is 144 a factor of 11710011?
False
Is 47133797 a multiple of 348?
False
Is 11 a factor of 64016635?
False
Does 6386 divide 1537710078?
False
Does 16 divide 2911339920?
True
Is 1043253985 a multiple of 2247?
False
Does 191 divide 84318517?
False
Does 8999 divide 1125833524?
False
Is 903 a factor of 2955826020?
True
Is 39915022 a multiple of 5?
False
Is 345696994 a multiple of 2146?
True
Is 963 a factor of 4279658670?
True
Is 28590313 a multiple of 43?
True
Does 57 divide 15915787?
False
Is 118 a factor of 13966834?
True
Does 219 divide 4269592?
False
Is 93258748 a multiple of 526?
True
Is 51707141 a multiple of 27?
False
Is 1286 a factor of 33007154?
False
Is 2252474820 a multiple of 246?
False
Does 218 divide 159469937?
False
Is 95 a factor of 35666894?
False
Is 9 a factor of 1994759188?
False
Is 59465395 a multiple of 1583?
True
Is 93534074 a multiple of 19?
True
Is 51147264 a multiple of 384?
True
Is 41012888 a multiple of 14?
True
Does 92 divide 117665655?
False
Is 32 a factor of 22281248?
True
Is 506742996 a multiple of 227?
True
Is 87442415 a multiple of 916?
False
Is 66 a factor of 1568019873?
False
Is 2728214 a multiple of 42?
False
Is 2190 a factor of 82788960?
False
Does 3409 divide 96422050?
False
Is 927202793 a multiple of 19?
True
Does 62 divide 70581172?
True
Does 768 divide 669624576?
True
Is 245325312 a multiple of 1536?
True
Does 86 divide 428128554?
True
Does 15 divide 31653720?
True
Does 9 divide 50917052?
False
Is 26 a factor of 23543182?
True
Is 8 a factor of 95939302?
False
Is 127 a factor of 184139205?
True
Is 948 a factor of 182213526?
False
Does 1480 divide 33442080?
True
Is 7344640 a multiple of 128?
True
Is 1565 a factor of 342943145?
True
Is 59186475 a multiple of 45?
True
Is 2274 a factor of 54257640?
True
Is 382282502 a multiple of 657?
False
Does 132 divide 774301036?
False
Does 20 divide 40618702?
False
Is 357 a factor of 232831938?
False
Does 23 divide 1229429341?
False
Is 28 a factor of 1643399931?
False
Is 610 a factor of 18633060?
True
Is 962846 a multiple of 6?
False
Is 219886194 a multiple of 102?
True
Does 453 divide 59385582?
True
Is 344928580 a multiple of 2734?
False
Does 96 divide 10006773?
False
Is 7263497 a multiple of 733?
False
Is 338437985 a multiple of 4715?
True
Is 276552080 a multiple of 56?
True
Is 6732364 a multiple of 2?
True
Does 248 divide 1244712?
True
Is 267205783 a multiple of 61?
False
Is 5 a factor of 4769285?
True
Does 517 divide 56869483?
True
Is 830641873 a multiple of 421?
False
Does 177 divide 18151173?
True
Does 5 divide 27700353?
False
Does 94 divide 130731440?
True
Does 188 divide 1140581835?
False
Is 332 a factor of 948622604?
True
Does 35 divide 108585875?
False
Does 220 divide 113024243?
False
Does 116 divide 344679458?
False
Does 874 divide 208717579?
False
Is 7 a factor of 7333562?
False
Is 27998941 a multiple of 138?
False
Is 189667818 a multiple of 38?
False
Does 23 divide 117962515?
True
Does 307 divide 12770893?
True
Is 497 a factor of 399714638?
False
Is 330073474 a multiple of 900?
False
Is 2729456100 a multiple of 30?
True
Is 32033744 a multiple of 151?
True
Does 3144 divide 55758911?
False
Does 25 divide 19041959?
False
Is 3198832866 a multiple of 862?
True
Does 90 divide 49711140?
True
Is 7461220 a multiple of 23?
False
Does 27 divide 315943721?
False
Is 49027536 a multiple of 46?
True
Is 137 a factor of 49642087?
True
Is 797 a factor of 84218193?
True
Is 1591452553 a multiple of 685?
False
Is 202996840 a multiple of 8?
True
Is 5 a factor of 15077417?
False
Does 169 divide 4644819?
False
Is 19541313 a multiple of 11?
True
Is 10448 a factor of 649556247?
False
Is 36100203 a multiple of 543?
False
Is 5 a factor of 9018940?
True
Is 58 a factor of 415260512?
True
Is 118 a factor of 2511125379?
False
Is 9 a factor of 11651959?
False
Does 333 divide 4157838?
True
Is 5584232244 a multiple of 117?
False
Does 3067 divide 1947759690?
True
Does 130 divide 1681190160?
True
Is 280 a factor of 52936695?
False
Does 505 divide 70746460?
True
Is 728 a factor of 2942297176?
True
Does 60 divide 59839380?
True
Is 10654592 a multiple of 152?
True
Is 161 a factor of 651959357?
True
Is 1437484 a multiple of 32?
False
Is 34109162 a multiple of 3079?
True
Is 59933510 a multiple of 938?
True
Is 5 a factor of 74668924?
False
Is 1453805780 a multiple of 5012?
True
Does 281 divide 203837681?
True
Is 12 a factor of 19552115?
False
Is 3 a factor of 19109550?
True
Is 37 a factor of 17774541?
True
Does 20 divide 980900100?
True
Is 10455300 a multiple of 15?
True
Is 64 a factor of 6098875?
False
Is 889778332 a multiple of 371?
False
Does 126 divide 168246162?
True
Is 47976101 a multiple of 491?
True
Is 147 a factor of 38544135?
True
Does 29 divide 39081270?
True
Is 66 a factor of 10645602?
True
Is 1155 a factor of 78672799?
False
Is 3091692 a multiple of 194?
False
Is 571067510 a multiple of 2338?
False
Does 2 divide 7040621?
False
Is 4453 a factor of 487300696?
True
Does 66 divide 1008181610?
False
Is 6 a factor of 47457735?
False
Does 12 divide 13413036?
True
Does 971 divide 1405352575?
True
Does 168 divide 1235403624?
True
Is 21 a factor of 1166214928?
False
Is 14412105 a multiple of 64?
False
Does 440 divide 16586680?
True
Does 641 divide 129285213?
True
Is 61 a factor of 47681484?
False
Is 16 a factor of 34341264?
True
Is 65 a factor of 14032215?
False
Is 44 a factor of 68537920?
True
Is 2784032 a multiple of 8?
True
Does 731 divide 3194562106?
True
Is 123 a factor of 48641211?
True
Is 3816 a factor of 44869494?
False
Does 453 divide 891064228?
False
Is 21 a factor of 155147559?
True
Does 629 divide 173065315?
False
Is 1772 a factor of 1859924868?
True
Is 51364751 a multiple of 59?
True
Does 1769 divide 234247767?
False
Is 15 a factor of 2365252199?
False
Does 76 divide 11843536?
True
Does 1216 divide 55145600?
True
Is 178 a factor of 1404307515?
Fa